is divided by 58?
7
What is the remainder when 26583 is divided by 4429?
9
Calculate the remainder when 6286 is divided by 2691.
904
Calculate the remainder when 2165 is divided by 540.
5
What is the remainder when 1397 is divided by 173?
13
What is the remainder when 1914 is divided by 623?
45
What is the remainder when 6240 is divided by 80?
0
Calculate the remainder when 111712 is divided by 44.
40
What is the remainder when 91466 is divided by 18?
8
What is the remainder when 118024 is divided by 4?
0
What is the remainder when 7380441 is divided by 2586?
2583
What is the remainder when 8420 is divided by 1483?
1005
What is the remainder when 14915 is divided by 347?
341
Calculate the remainder when 95795 is divided by 23.
0
What is the remainder when 198800 is divided by 121?
118
Calculate the remainder when 2614 is divided by 1734.
880
Calculate the remainder when 76170 is divided by 4480.
10
Calculate the remainder when 83177 is divided by 18.
17
Calculate the remainder when 3901771 is divided by 34.
33
What is the remainder when 13993 is divided by 3495?
13
Calculate the remainder when 101848 is divided by 1958.
32
Calculate the remainder when 79837 is divided by 868.
849
Calculate the remainder when 17659 is divided by 92.
87
Calculate the remainder when 406183 is divided by 3198.
37
What is the remainder when 2547 is divided by 621?
63
What is the remainder when 1296 is divided by 42?
36
Calculate the remainder when 18896 is divided by 70.
66
Calculate the remainder when 145920 is divided by 67.
61
Calculate the remainder when 11428 is divided by 1173.
871
Calculate the remainder when 11318 is divided by 3732.
122
Calculate the remainder when 8182 is divided by 23.
17
What is the remainder when 734226 is divided by 164?
162
What is the remainder when 34648 is divided by 291?
19
Calculate the remainder when 591 is divided by 257.
77
Calculate the remainder when 443 is divided by 104.
27
What is the remainder when 32140 is divided by 164?
160
Calculate the remainder when 13291 is divided by 85.
31
What is the remainder when 334420 is divided by 47773?
9
What is the remainder when 322194 is divided by 74?
72
Calculate the remainder when 16271 is divided by 4066.
7
What is the remainder when 395506 is divided by 27?
10
Calculate the remainder when 773076 is divided by 7.
3
What is the remainder when 37832 is divided by 169?
145
What is the remainder when 20491 is divided by 27?
25
What is the remainder when 13842 is divided by 13599?
243
What is the remainder when 1043 is divided by 65?
3
What is the remainder when 18143 is divided by 349?
344
What is the remainder when 33304 is divided by 4738?
138
What is the remainder when 29757 is divided by 236?
21
Calculate the remainder when 14438 is divided by 516.
506
What is the remainder when 378614 is divided by 29124?
2
What is the remainder when 1621 is divided by 528?
37
What is the remainder when 6640 is divided by 330?
40
Calculate the remainder when 6489 is divided by 151.
147
Calculate the remainder when 26599 is divided by 13206.
187
What is the remainder when 11182 is divided by 5590?
2
What is the remainder when 162986 is divided by 121?
120
What is the remainder when 2214 is divided by 78?
30
Calculate the remainder when 2473 is divided by 506.
449
What is the remainder when 899974 is divided by 8?
6
What is the remainder when 182365 is divided by 36470?
15
What is the remainder when 10307 is divided by 140?
87
What is the remainder when 388233 is divided by 64703?
15
What is the remainder when 9307 is divided by 332?
11
Calculate the remainder when 29688 is divided by 64.
56
Calculate the remainder when 187879 is divided by 55.
54
What is the remainder when 2455 is divided by 29?
19
Calculate the remainder when 1507979 is divided by 82.
81
What is the remainder when 66663 is divided by 13293?
198
Calculate the remainder when 1909591 is divided by 17.
15
What is the remainder when 6685 is divided by 96?
61
Calculate the remainder when 55604 is divided by 5.
4
Calculate the remainder when 30302 is divided by 46.
34
What is the remainder when 43798 is divided by 24?
22
Calculate the remainder when 2097 is divided by 239.
185
Calculate the remainder when 17637 is divided by 118.
55
What is the remainder when 11152 is divided by 392?
176
What is the remainder when 33206 is divided by 49?
33
What is the remainder when 1588 is divided by 50?
38
What is the remainder when 15029256 is divided by 21?
18
What is the remainder when 12004 is divided by 106?
26
Calculate the remainder when 66372 is divided by 4.
0
What is the remainder when 1726 is divided by 229?
123
What is the remainder when 262387 is divided by 95?
92
What is the remainder when 12179023 is divided by 45?
43
Calculate the remainder when 5347 is divided by 458.
309
Calculate the remainder when 15957 is divided by 325.
32
What is the remainder when 3043 is divided by 125?
43
What is the remainder when 26106 is divided by 61?
59
What is the remainder when 175880 is divided by 3908?
20
What is the remainder when 2108 is divided by 950?
208
Calculate the remainder when 14805 is divided by 275.
230
What is the remainder when 203890 is divided by 33972?
58
What is the remainder when 5795 is divided by 1154?
25
What is the remainder when 270359 is divided by 309?
293
What is the remainder when 21207 is divided by 1735?
387
Calculate the remainder when 42808 is divided by 8557.
23
Calculate the remainder when 4502 is divided by 154.
36
What is the remainder when 1165581 is divided by 336?
333
Calculate the remainder when 14182 is divided by 314.
52
What is the remainder when 264 is divided by 18?
12
What is the remainder when 958 is divided by 59?
14
Calculate the remainder when 25032 is divided by 207.
192
What is the remainder when 5529 is divided by 95?
19
What is the remainder when 3822 is divided by 760?
22
Calculate the remainder when 36655 is divided by 203.
115
What is the remainder when 489 is divided by 303?
186
Calculate the remainder when 822825 is divided by 12.
9
Calculate the remainder when 9304 is divided by 465.
4
Calculate the remainder when 79605 is divided by 17.
11
What is the remainder when 80256 is divided by 273?
267
What is the remainder when 1981 is divided by 311?
115
What is the remainder when 844290 is divided by 187?
172
What is the remainder when 36664 is divided by 100?
64
What is the remainder when 502387 is divided by 78?
67
Calculate the remainder when 395520 is divided by 98875.
20
Calculate the remainder when 64622 is divided by 1707.
1463
What is the remainder when 63514 is divided by 775?
739
What is the remainder when 17732 is divided by 348?
332
What is the remainder when 61069 is divided by 88?
85
Calculate the remainder when 6992957 is divided by 65.
62
What is the remainder when 3749 is divided by 75?
74
What is the remainder when 1207 is divided by 48?
7
Calculate the remainder when 73620 is divided by 6135.
0
What is the remainder when 154662 is divided by 3682?
18
Calculate the remainder when 1388 is divided by 389.
221
Calculate the remainder when 226316 is divided by 39.
38
Calculate the remainder when 19997 is divided by 146.
141
What is the remainder when 1312 is divided by 37?
17
What is the remainder when 88 is divided by 10?
8
Calculate the remainder when 3716 is divided by 40.
36
What is the remainder when 2108 is divided by 17?
0
Calculate the remainder when 13011 is divided by 1356.
807
What is the remainder when 24864 is divided by 166?
130
What is the remainder when 3196 is divided by 32?
28
What is the remainder when 308616 is divided by 58?
56
Calculate the remainder when 602078 is divided by 78.
74
What is the remainder when 312657 is divided by 104215?
12
What is the remainder when 13897 is divided by 920?
97
Calculate the remainder when 930 is divided by 242.
204
Calculate the remainder when 7659372 is divided by 475.
472
What is the remainder when 33839 is divided by 235?
234
Calculate the remainder when 1521102 is divided by 1521099.
3
Calculate the remainder when 10123 is divided by 11.
3
What is the remainder when 8559 is divided by 291?
120
Calculate the remainder when 211822 is divided by 37.
34
What is the remainder when 3706 is divided by 3613?
93
What is th